 = g**2 + 11*g - 3. Let f(z) = 2*z**2 + 12*z - 3. Let b = -13 + 10. Let s(k) = b*x(k) + 2*f(k). Determine s(o).
-17
Let q(z) = 4*z**2 + z + 4168 - 4168 + 14*z**2. Determine q(1).
19
Let m(r) = -2*r**2 - 4*r + 30. Let q be m(5). Let a be (-2)/(-7) - q/7. Let d(h) = h - 7. Give d(a).
-1
Suppose 0 = -i, z - 5*i - 4 = -3*z. Let h(t) = z + t + 3 - 2 + 2. Determine h(-5).
-1
Suppose 4*u - 5*f - 83 = 0, 3*u - 29 = 2*f + 42. Suppose 6*o + 3*o - u = 0. Let x(w) be the first derivative of w**3/3 - w**2/2 - 2*w + 1. Give x(o).
4
Let q(w) be the second derivative of w**5/20 - w**4/4 - w**3 - 3*w**2/2 + 51*w. Calculate q(5).
17
Let z be (-5 - -11) + (-2 - (0 - 1)). Suppose -4*q = -z + 21. Let f(m) = m**3 + 4*m**2 + m - 1. Determine f(q).
-5
Let a(c) = c**3 + 10*c**2 + 2*c + 16. Let g = -674 - -664. Give a(g).
-4
Suppose 1 = -4*j + 13. Let z(x) = -x - 3. Let g(d) = 2*d + 2. Let o(i) = j*z(i) + 2*g(i). Give o(7).
2
Let b(m) = -m**2 + 8*m. Let t = -26 + 26. Suppose t = 6*u - u - 35. What is b(u)?
7
Let o(c) = -7 - c**3 + 10*c**2 - 2*c - 4*c**2 - 2*c**2 + 5. Calculate o(2).
2
Let r(x) = -6 + 5 - x + 10 + 4*x. Let i(c) = c + 5. Let w(t) = -5*i(t) + 2*r(t). Calculate w(5).
-2
Let g(d) = -d**3 + 10*d**2 + 27*d - 31. Let v be g(12). Let r(b) = -3*b - 2. Let u be r(-2). Let x(c) = c + v - 1 + u - 6. Calculate x(-5).
-3
Let p(s) = 2*s**2 + s. Let l(o) = 5*o**2 + 9*o - 12. Let h(q) = l(q) - 3*p(q). Calculate h(5).
-7
Let c(b) be the third derivative of -5*b**4/24 + b**3/3 + 30*b**2. Calculate c(-2).
12
Let b(u) be the second derivative of 33*u + 0 - 9/2*u**2 + 1/3*u**3. Give b(-7).
-23
Suppose -2*z - 5*l + 10 = 0, -18 = -2*z + l - 4*l. Suppose 0 = f + 2*f + z. Let p(c) = c**3 - 10*c - 14*c**2 + 4*c + 18*c**2. Give p(f).
5
Suppose -3*t - 2 + 15 = -4*b, 6 = -3*b + 3*t. Let n = 7 + b. Let y(l) = -6*l**2 + 18*l**2 - 11*l**2 - 3 - l. What is y(n)?
-3
Let w be (-6 + 31)/(-5) - (3 + 3). Let u(n) = n**2 + 10*n. Give u(w).
11
Let s be (6 + -2 - 4) + 1. Let a(l) = -l**3 - 3*l**2 + 13*l + 4. Let n(y) = -y**2 - y - 1. Let q(p) = s*a(p) + 4*n(p). Determine q(-8).
-8
Suppose -133 = -9*g - 25. Let h(u) = u**3 - 13*u**2 + 12*u - 9. Determine h(g).
-9
Let q(t) = t - 13. Let i(k) = k + 1. Let j = 63 - 27. Let b(h) = 42*h - 30. Let w(y) = j*i(y) - b(y). Let x(d) = 21*q(d) + 4*w(d). Calculate x(-6).
9
Let c(j) = -j**2 + 7*j - 9. Let n be (-1 - -2)/((731/170)/43). Calculate c(n).
-39
Let i(m) = -m**3 - m**2 - 3*m - 3. Let q(u) = 3*u**3 + u**2 + 5*u + 6. Let a(h) = -5*i(h) - 2*q(h). Give a(4).
7
Let p = 22 + -21. Let t be ((12/(-20))/(1/(-5)))/p. Let x(o) = 3*o**2 - 3*o + 2. What is x(t)?
20
Suppose -48*y + 5*p + 9 = -51*y, 3*y - 21 = 5*p. Let k(u) be the third derivative of -u**4/12 - u**3/3 - 5*u**2. What is k(y)?
-6
Let h = -2 - -2. Let g(d) = d**3 + 10*d**2 + 2*d + 21. Let w be g(-10). Let s(a) = h + 7*a - 4 + 0*a - w - a**2. Calculate s(4).
7
Let v(j) = -j - 11. Let x = -304 - -293. What is v(x)?
0
Let d(l) = -8*l**2 - 1. Suppose 2*b + 6*x - 6 = x, 4*b + 4*x = 12. Suppose b*n + v = 3*v - 30, -3*n - 39 = v. Let p be (6/9)/((-8)/n). Calculate d(p).
-9
Let y(p) be the second derivative of 3/2*p**2 + 1/12*p**4 + 1/6*p**3 + 0 - 6*p. Calculate y(3).
15
Let z(w) = 5*w**2 - 6*w + 13. Let q(p) = 4*p**2 - 6*p + 12. Let l(k) = 6*q(k) - 5*z(k). Let d be l(-7). Let o(h) = h**2 + h - 1. What is o(d)?
-1
Let f(w) be the second derivative of w**3/6 - 6*w**2 - 10*w - 19. What is f(9)?
-3
Let d(g) = 447 + g - 900 + 450. Calculate d(4).
1
Let p(f) be the second derivative of f**5/20 - 2*f**4/3 + f**3 + f - 25. Calculate p(6).
-36
Let y(d) = -9*d + 9. Let g(f) = 4*f - 4. Let b(i) = -5*g(i) - 2*y(i). Let o be 84/18*(-6)/(-7). Determine b(o).
-6
Let w(r) be the second derivative of -r**4/12 + 5*r**3/6 - 5*r**2/2 - 3*r. Suppose -59 = f - 63. Determine w(f).
-1
Let v(x) = x**3 - 5*x**2 - 7*x + 8. Let b be v(6). Let r(l) = -2 - 419*l + 208*l + 213*l - l**2 + l**3. Determine r(b).
6
Let l = 13 - -3. Let o = l + -11. Let j(m) = m**3 + 7*m - 1. Let d(c) = -c**2 - c - 1. Let f(q) = -5*d(q) - j(q). Determine f(o).
-4
Suppose -2*h + 46 = 5*z + 13, z - 2*h + 3 = 0. Let l(j) = -6 + j + z + 5 - 3. Suppose 2*q - 3 = q. Give l(q).
4
Let s(j) = 2*j. Let b(u) = u + 5. Let r be b(-15). Let f be (-45)/r*(-4)/(-9). Suppose 7*n - 14 = 4*n - f*c, 0 = 5*n + c - 14. Give s(n).
4
Let g(y) = -106*y. Let x(n) = 49*n. Let a(h) = 6*g(h) + 13*x(h). What is a(4)?
4
Let m(o) = -12 + o**2 + 0*o - o - 7*o + 0. Let s be m(11). Let y(l) = s + 19 + l - 46. Determine y(5).
-1
Let i(k) = 2*k. Let t be (5 + -4 - -3) + -1 + -4. Let d be t*(-4)/(-3)*(-147)/98. Determine i(d).
4
Let x(o) = 2*o**2 - 4. Let j be x(3). Let k = j + -9. Let l = -4 + k. Let m(q) = -8*q + 1. Determine m(l).
-7
Let x(s) = s + 2. Let z be x(0). Let g(y) = -4 - y**3 - 2*y**2 - y - 4 + y**z. Determine g(0).
-8
Let p(w) = -w**2 - 4*w + 1. Let h = 38 - 54. Let i = -22 - h. Determine p(i).
-11
Let l(u) = -133*u + 2 - 133*u - 2 + 261*u + 1. Suppose -3*b = 2*b - 5. What is l(b)?
-4
Let j(i) = 9*i**2 - 5*i. Let q(k) = -k**3 - 7*k**2 + 4*k. Let l(c) = 3*j(c) + 4*q(c). Give l(-2).
26
Let f(l) be the third derivative of -l**2 + 0*l + 1/8*l**4 + 0 + 1/3*l**3. What is f(3)?
11
Suppose 3*a - 21 = 3*r - 3, -3*a = r - 6. Let s(o) = o**2 - 2*o + 2. What is s(a)?
5
Let d = 1684 + -1676. Let s(r) = r + 1. Calculate s(d).
9
Let f = -2009 - -2011. Let i(c) = 6*c**3 + 4*c**2 - 3*c. Determine i(f).
58
Let v(d) be the second derivative of 1/20*d**5 + 0 - 7/12*d**4 + 7/2*d**2 + 1/2*d**3 + 2*d. Determine v(6).
-11
Let q(i) = 2*i - 4. Let f be q(5). Let v(p) = 4 + 4*p - 7*p + 6 - 3. Give v(f).
-11
Let l(n) be the first derivative of -n**4/4 + 5*n**3/3 + 5*n**2/2 + 6*n + 6. Let w be l(6). Let k(a) = -a**3 + a + 1. What is k(w)?
1
Let m(j) = -2*j**3 + 4*j**2 - 2*j + 5. Let a(g) = 3*g**3 - 4*g**2 + 2*g - 5. Let k(h) = -3*a(h) - 4*m(h). Let t = -1762 - -1758. Determine k(t).
-13
Let m(j) = 8*j + 3. Let s be m(0). Let i(a) = a**2 - s - 9 + 13 - 5*a. Let d be ((-6)/(-9))/((-4)/(-30)). Determine i(d).
1
Let r be (-2 - (-16)/10)*(136 - 116). Let h(k) = k**2 + 2*k - 46. Give h(r).
2
Let d(q) = 5*q**2 - 3*q + 4. Let k = -238 + 240. What is d(k)?
18
Let b(s) = -2*s + 42. Let c be b(20). Suppose c*v = 28 - 14. Let k(g) = g**3 - 6*g**2 - 6*g - 9. Give k(v).
-2
Suppose 0*z + 6*z + 6 = 0. Let y(g) = 19*g**2 - g. Let b be y(z). Suppose -u - 3*u = 4*w - b, 4*w = -u + 14. Let i(a) = -5*a + 1. Determine i(w).
-14
Let g(z) = 2 + 2*z - 1 - 3*z - 2*z + 4*z. Let x(c) = -2*c + 0 + 0 + 5. Let a(u) = 6*g(u) - x(u). Give a(-1).
-7
Let g(k) = -6 - 20*k - 9*k**2 - k - 1594*k**3 + 1595*k**3 - 3. Determine g(11).
2
Let n(b) = -b + 13 - 5 - 6 - 2. Suppose -i + 4*a - 5*a = 0, 3*a = 4*i + 35. What is n(i)?
5
Let b(s) = -4*s**2 - 3*s**2 + 9*s - 6*s**2 - 5*s**2 - s**3 - 4 + 11*s**2. Let g(c) = -2*c**2 - 7*c - 4. Let t be g(-4). What is b(t)?
-12
Let h(q) be the third derivative of q**4/24 + 3*q**3/2 + 2*q**2 + 47. What is h(-12)?
-3
Let q(s) = -2 - 3 + 7 + 32*s**2 + 15*s + 3 - 33*s**2. Calculate q(15).
5
Let d(x) = 2*x**2 - x**2 + 4*x + 1 - 9*x. Let u be 6/(((-6)/3)/(-6)). Suppose 3*q = -2*b + u, 5*q - 4 = 6. Calculate d(b).
7
Let b be 15*(-7)/21 + 5. Let i(k) = k**3 + k - 5. Calculate i(b).
-5
Let o(c) = -c**3 - 9*c**2 - 5*c + 19. Let b be o(-8). Let r(x) be the first derivative of x**4/4 + 2*x**3 + 3*x**2/2 + x - 1. Calculate r(b).
11
Let o(r) be the second derivative of -5*r**3/6 - 3*r**2/2 + 23*r. Let b(w) = -11*w - 7. Let k(g) = -6*b(g) + 13*o(g). Give k(-4).
-1
Let z(t) = t**2 + 10*t + 12. Let y be z(-8). Let g(l) be the first derivative of 28 + 1/2*l**2 + 3*l. Calculate g(y).
-1
Let s(a) = -a**2 - a. Let m be (-2)/(-5 - -3)*0. Give s(m).
0
Let a(q) = q**2 - 1. Let k = -12 + 15. Let u = 1 - k. Give a(u).
3
Let w = -6172 - -6164. Let m(d) be the second derivative of d**4/12 + 3*d**3/2 + 5*d**2 + d. Determine m(w).
2
Let q(h) = -4*h**2 + 4*h**2 - 2*h**3 + h**3 + 5*h**2 + h + h**2. Determine q(6).
6
Let j(o) = -o**3 - 6*o**2 + 7*o + 4. Let r be j(-7). Let m be 6/(-4)*r/(-3). Let i(w) = -w**3 + 5*w**2 - 2*w - 1. Calculate i(m).
7
Let g = -15 - 45. Let r = -56 - g. Let s(c) = c**3 - 4*c**2 + 3*c + 2. Determine s(r).
14
Let h(p) be the first derivative of 21*p**2/2 - 5*p - 690. Give h(2).
37
Let z = -35 - -36. Let f be z + -3 + 